List the prime factors of 9874193.
7, 1410599
List the prime factors of 7616048.
2, 11, 109, 397
List the prime factors of 937969.
937969
What are the prime factors of 4539629?
17, 267037
What are the prime factors of 9426935?
5, 7, 269341
What are the prime factors of 26214723?
3, 487, 5981
What are the prime factors of 5496274?
2, 7, 47, 8353
What are the prime factors of 1062596?
2, 211, 1259
What are the prime factors of 28448441?
7, 229, 17747
What are the prime factors of 1388032?
2, 2711
What are the prime factors of 16887600?
2, 3, 5, 4691
List the prime factors of 7202062.
2, 7, 514433
List the prime factors of 514843.
7, 19, 79
List the prime factors of 3063561.
3, 41, 24907
What are the prime factors of 699922?
2, 19, 113, 163
List the prime factors of 102559.
102559
What are the prime factors of 41217007?
13, 347, 9137
List the prime factors of 1147690.
2, 5, 114769
What are the prime factors of 303494?
2, 43, 3529
List the prime factors of 24178669.
431, 56099
What are the prime factors of 59579?
13, 4583
What are the prime factors of 4767536?
2, 297971
What are the prime factors of 1343962?
2, 671981
List the prime factors of 476487.
3, 11, 4813
What are the prime factors of 572407?
11, 17, 3061
What are the prime factors of 234152?
2, 29269
What are the prime factors of 13793340?
2, 3, 5, 11, 20899
List the prime factors of 149388.
2, 3, 59, 211
List the prime factors of 3617505.
3, 5, 19, 4231
List the prime factors of 925839.
3, 102871
List the prime factors of 6346604.
2, 11, 144241
What are the prime factors of 100437?
3, 33479
What are the prime factors of 7905882?
2, 3, 23, 59, 971
What are the prime factors of 6500878?
2, 41, 79279
What are the prime factors of 529114?
2, 61, 4337
List the prime factors of 1510313.
7, 359, 601
List the prime factors of 6990071.
11, 635461
List the prime factors of 7771222.
2, 41, 94771
List the prime factors of 1585132.
2, 19, 20857
List the prime factors of 5602154.
2, 433, 6469
What are the prime factors of 37771?
107, 353
List the prime factors of 26697796.
2, 53, 125933
List the prime factors of 863584.
2, 26987
List the prime factors of 1009680.
2, 3, 5, 7, 601
List the prime factors of 79453.
11, 31, 233
List the prime factors of 13157626.
2, 17, 386989
What are the prime factors of 1710597?
3, 7, 81457
List the prime factors of 334011.
3, 111337
List the prime factors of 614840.
2, 5, 19, 809
What are the prime factors of 132716?
2, 33179
List the prime factors of 2389193.
19, 41, 3067
List the prime factors of 12945216.
2, 3, 191, 353
List the prime factors of 25457506.
2, 1229, 10357
What are the prime factors of 8380052?
2, 241, 8693
List the prime factors of 422940.
2, 3, 5, 7, 19, 53
List the prime factors of 4667051.
4667051
List the prime factors of 4957768.
2, 31, 19991
What are the prime factors of 1099487?
1099487
List the prime factors of 524398.
2, 7, 5351
What are the prime factors of 227413?
71, 3203
List the prime factors of 403345.
5, 80669
List the prime factors of 19597686.
2, 3, 97, 151, 223
List the prime factors of 1760299.
17, 6091
List the prime factors of 68539.
68539
What are the prime factors of 5419834?
2, 7, 37, 10463
List the prime factors of 3726594.
2, 3, 69011
List the prime factors of 1808201.
53, 109, 313
What are the prime factors of 1848037?
1033, 1789
What are the prime factors of 273721?
7, 39103
What are the prime factors of 9463388?
2, 11, 215077
List the prime factors of 155743.
7, 19, 1171
List the prime factors of 10583515.
5, 241, 8783
List the prime factors of 8312120.
2, 5, 19, 10937
What are the prime factors of 15515362?
2, 19, 179, 2281
List the prime factors of 1039396.
2, 43, 6043
List the prime factors of 189835.
5, 37967
What are the prime factors of 22398080?
2, 5, 79, 443
What are the prime factors of 1071851?
11, 97441
What are the prime factors of 1179666?
2, 3, 65537
List the prime factors of 65421.
3, 2423
What are the prime factors of 5742967?
31, 61, 3037
List the prime factors of 289047.
3, 11, 19, 461
What are the prime factors of 596489?
596489
What are the prime factors of 12357326?
2, 6178663
What are the prime factors of 36166527?
3, 109, 12289
List the prime factors of 1215198.
2, 3, 67511
List the prime factors of 16740033.
3, 5580011
List the prime factors of 3143899.
11, 311, 919
List the prime factors of 5894973.
3, 7, 137, 683
What are the prime factors of 2649347?
23, 127, 907
What are the prime factors of 904916?
2, 29, 269
List the prime factors of 34800492.
2, 3, 47, 61703
What are the prime factors of 2496389?
7, 503, 709
List the prime factors of 18338542.
2, 157, 58403
List the prime factors of 2305505.
5, 461101
What are the prime factors of 1130838?
2, 3, 188473
What are the prime factors of 879673?
879673
List the prime factors of 206938.
2, 107, 967
List the prime factors of 30975397.
47, 353, 1867
What are the prime factors of 1717910?
2, 5, 37, 4643
List the prime factors of 213505.
5, 42701
List the prime factors of 9986261.
131, 76231
List the prime factors of 2836787.
101, 28087
What are the prime factors of 1669470?
2, 3, 5, 11, 5059
What are the prime factors of 94677?
3, 11, 19, 151
What are the prime factors of 456320?
2, 5, 23, 31
List the prime factors of 210613.
13, 17, 953
What are the prime factors of 49962?
2, 3, 11, 757
What are the prime factors of 76109?
11, 17, 37
List the prime factors of 10676941.
11, 311, 3121
What are the prime factors of 575720?
2, 5, 37, 389
List the prime factors of 52695.
3, 5, 1171
List the prime factors of 428808.
2, 3, 17, 1051
What are the prime factors of 304554?
2, 3, 193, 263
List the prime factors of 813018.
2, 3, 179, 757
List the prime factors of 844413.
3, 173, 1627
List the prime factors of 7660427.
7660427
What are the prime factors of 692902?
2, 7, 43, 1151
List the prime factors of 1627766.
2, 7, 116269
List the prime factors of 10020917.
47, 101, 2111
What are the prime factors of 578238?
2, 3, 17, 5669
What are the prime factors of 276570?
2, 3, 5, 7, 439
What are the prime factors of 1019373?
3, 31, 97, 113
What are the prime factors of 1169124?
2, 3, 11, 17, 521
List the prime factors of 834126.
2, 3, 139021
What are the prime factors of 265543?
265543
List the prime factors of 417836.
2, 104459
What are the prime factors of 615747?
3, 11, 47, 397
List the prime factors of 124730.
2, 5, 12473
What are the prime factors of 85977?
3, 41, 233
What are the prime factors of 4577946?
2, 3, 509, 1499
What are the prime factors of 601728?
2, 3, 1567
What are the prime factors of 536984?
2, 7, 43, 223
List the prime factors of 2831194.
2, 239, 5923
List the prime factors of 1638049.
7, 234007
List the prime factors of 519441.
3, 13, 19, 701
What are the prime factors of 230496?
2, 3, 7
List the prime factors of 4778344.
2, 467, 1279
List the prime factors of 536052.
2, 3, 11, 31, 131
List the prime factors of 7192244.
2, 233, 7717
List the prime factors of 746216.
2, 37, 2521
List the prime factors of 69697.
69697
What are the prime factors of 5010550?
2, 5, 23, 4357
List the prime factors of 1061159.
11, 96469
List the prime factors of 249895.
5, 23, 41, 53
List the prime factors of 1306672.
2, 81667
List the prime factors of 1884420.
2, 3, 5, 19, 29
What are the prime factors of 15986?
2, 7993
What are the prime factors of 1551530?
2, 5, 155153
List the prime factors of 3961771.
11, 47, 79, 97
List the prime factors of 1659410.
2, 5, 165941
What are the prime factors of 2062888?
2, 257861
List the prime factors of 20728868.
2, 5182217
What are the prime factors of 8021919?
3, 877, 3049
What are the prime factors of 125574?
2, 3, 20929
What are the prime factors of 39288744?
2, 3, 11, 113, 439
List the prime factors of 2211796.
2, 53, 10433
List the prime factors of 332534.
2, 23, 7229
List the prime factors of 18740398.
2, 173, 54163
What are the prime factors of 21570135?
3, 5, 1438009
List the prime factors of 4272951.
3, 1424317
List the prime factors of 2370561.
3, 59, 227
List the prime factors of 26305156.
2, 661, 9949
What are the prime factors of 46089?
3, 569
What are the prime factors of 6328788?
2, 3, 527399
What are the prime factors of 1068671?
17, 37, 1699
What are the prime factors of 2204921?
103, 21407
List the prime facto